Is 10009181542 prime?
False
Is 62728772153 a prime number?
False
Is 240627953 a prime number?
False
Is 22610269939 a composite number?
False
Is 2831374583 a prime number?
True
Is 7343187387 composite?
True
Is 24273275809 a prime number?
True
Is 3029258989 prime?
True
Is 942104747 composite?
False
Is 338475497 a composite number?
False
Is 1101639607 composite?
True
Is 885887698 prime?
False
Is 613525823 composite?
True
Is 214205681 a prime number?
True
Is 1749533629 a prime number?
False
Is 16262666389 prime?
True
Is 1220750527 a composite number?
True
Is 395124336157 a composite number?
False
Is 458514073 a prime number?
True
Is 169654403 a prime number?
False
Is 3887617147 composite?
True
Is 1954195261 a composite number?
False
Is 15786753713 composite?
False
Is 78888151 composite?
False
Is 108406278331 composite?
True
Is 5070657523 prime?
True
Is 2840987381 a composite number?
True
Is 289406647 a composite number?
True
Is 428329163 a prime number?
False
Is 3694506853 prime?
False
Is 184114061 a composite number?
False
Is 30182875529 prime?
True
Is 5102354459 composite?
False
Is 1393050058 a prime number?
False
Is 26256412433 prime?
False
Is 15886592063 a composite number?
False
Is 6423001549 prime?
True
Is 1686562907 a prime number?
False
Is 26847646853 a composite number?
False
Is 421244657 prime?
True
Is 9617683781 a prime number?
True
Is 548772037 composite?
True
Is 68144010023 a prime number?
True
Is 11468708297 a composite number?
False
Is 1172733349 a composite number?
True
Is 53210191 composite?
True
Is 13997629 a prime number?
True
Is 129613699 a prime number?
True
Is 986683171 composite?
True
Is 19183269113 prime?
False
Is 5168452853 a prime number?
True
Is 40720674179 a prime number?
False
Is 190777687015 a composite number?
True
Is 43992694457 prime?
False
Is 5520717701 prime?
True
Is 26663520677 prime?
False
Is 367795447 composite?
True
Is 2271037997 composite?
False
Is 129838739 a composite number?
True
Is 11158809251 composite?
False
Is 161992146521 composite?
False
Is 6153118321 a prime number?
False
Is 44046688793 a prime number?
True
Is 38056841 composite?
False
Is 11213146037 composite?
True
Is 96070967 prime?
True
Is 139146331 a prime number?
False
Is 1379790119 a composite number?
True
Is 860853347 a composite number?
False
Is 5127737 a composite number?
False
Is 755088913 a prime number?
True
Is 71724233 prime?
False
Is 94920329 composite?
True
Is 2156876737 prime?
True
Is 52219314877 composite?
False
Is 8208265823 a composite number?
False
Is 4090622273 prime?
False
Is 10711819007 a composite number?
False
Is 86154370459 a prime number?
False
Is 32684930977 a prime number?
False
Is 289768650367 prime?
False
Is 4530978253 composite?
False
Is 261632507 a composite number?
False
Is 1168482751 a prime number?
True
Is 6589891601 a composite number?
True
Is 1381997423 composite?
False
Is 14737396829 prime?
True
Is 599726167 prime?
True
Is 109047458999 composite?
False
Is 5984053523 a composite number?
True
Is 2566962017 prime?
False
Is 8755090165 a composite number?
True
Is 3935927393 a prime number?
False
Is 6698446397 prime?
True
Is 361806619 a composite number?
False
Is 4789319251 composite?
True
Is 362696927 a composite number?
False
Is 6174823667 a prime number?
True
Is 23316660071 a prime number?
True
Is 22358584189 composite?
True
Is 823136201 a prime number?
False
Is 263607788057 prime?
True
Is 8611727737 prime?
False
Is 39372997087 composite?
False
Is 13540831735 prime?
False
Is 91936613 composite?
False
Is 15491794011 composite?
True
Is 25936285769 composite?
False
Is 2844512054 prime?
False
Is 159709469 composite?
True
Is 26194461913 a composite number?
False
Is 75751581779 a composite number?
False
Is 6130152001 a prime number?
False
Is 776695247 composite?
False
Is 49007182571 a composite number?
False
Is 43942613297 a prime number?
False
Is 452806489 composite?
False
Is 16920936551 a composite number?
True
Is 13461709873 composite?
True
Is 31200813962 a prime number?
False
Is 528070129 a composite number?
False
Is 75720437 composite?
True
Is 955727939 a composite number?
True
Is 15344451037 a composite number?
False
Is 331897117631 prime?
False
Is 107149381 a composite number?
True
Is 6349040959 prime?
True
Is 1180099 a composite number?
False
Is 235950796559 prime?
True
Is 28846682509 a composite number?
True
Is 4681551917 a prime number?
False
Is 6698705513 a prime number?
True
Is 13309999217 prime?
False
Is 11765596063 prime?
False
Is 3483999347 composite?
False
Is 69953892815 composite?
True
Is 149874254003 prime?
True
Is 14432603771 a composite number?
False
Is 889377809 prime?
True
Is 9978499303 a composite number?
True
Is 1720005611 composite?
False
Is 2866736567 composite?
False
Is 1567371601 prime?
False
Is 78225595561 prime?
True
Is 253459831 composite?
True
Is 2062113593 a composite number?
False
Is 6982580857 prime?
False
Is 1179746957 composite?
False
Is 555434849 a composite number?
True
Is 2555876051 a composite number?
True
Is 21772802589 prime?
False
Is 1511939749 prime?
False
Is 3769671335 prime?
False
Is 634750661 a composite number?
True
Is 1243269011 a prime number?
True
Is 1680533143 prime?
True
Is 498779971 composite?
False
Is 1519397951 composite?
False
Is 7342156049 a composite number?
False
Is 29298746473 prime?
False
Is 2249541559 composite?
False
Is 85892099011 a prime number?
True
Is 1340266379 prime?
False
Is 596203343 composite?
True
Is 24203178399 prime?
False
Is 1654818817 a prime number?
False
Is 4001136967 a prime number?
True
Is 3104932703 a prime number?
False
Is 11026404383 a composite number?
True
Is 841406158 a prime number?
False
Is 22400997253 a composite number?
True
Is 3612887017 prime?
True
Is 38099079619 a prime number?
True
Is 890254639 a prime number?
False
Is 3342184903 a prime number?
True
Is 1672544213 composite?
True
Is 39100378609 a prime number?
False
Is 1766434121 composite?
False
Is 5290525049 a prime number?
True
Is 996733247 prime?
False
Is 25863988057 prime?
False
Is 1028101769 a composite number?
True
Is 90718267 composite?
False
Is 16654423607 prime?
False
Is 5741246937 a composite number?
True
Is 19264433929 prime?
False
Is 52230324589 a prime number?
False
Is 850257127 prime?
True
Is 37817443 prime?
True
Is 17728643398 prime?
False
Is 6818550226 composite?
True
Is 38228623969 a prime number?
True
Is 3654824597 a composite number?
False
Is 58768823 a prime number?
False
Is 263540447 prime?
False
Is 12675307207 prime?
False
Is 37482130331 a prime number?
True
Is 55454135867 a prime number?
False
Is 1778379011 prime?
True
Is 748693139 a prime number?
False
Is 1015674259 prime?
True
Is 761092921 composite?
False
Is 2114193569 a prime number?
True
Is 526609763 composite?
False
Is 6750084251 prime?
False
Is 825211337 composite?
False
Is 2178883517 composite?
False
Is 5804943569 prime?
True
Is 35264792399 composite?
False
Is 5556917579 prime?
True
Is 2762701387 composite?
True
Is 76543997 a prime number?
True
Is 569416097 composite?
False
Is 86485926377 a prime number?
False
Is 163138817815 a composite number?
True
Is 509950213 a prime number?
True
Is 789486947 a composite number?
False
Is 1161403511 prime?
False
Is 2501756993 prime?
False
Is 1228538453 composite?
True
Is 38127408841 prime?
False
Is 12607900941 prime?
False
Is 27725697605 composite?
True
Is 4820133385 a composite number?
True
Is 18382372417 a composite number?
False
Is 465389077 composite?
False
Is 10992864287 composite?
True
Is 2272153699 composite?
False
Is 53974726301 a composite number?
True
Is 691483745 a prime number?
False
Is 302737705285 prime?
False
Is 1781553647 a composite number?
False
Is 3371169433 composite?
True
Is 293331368753 composite?
False
Is 14568895921 a prime number?
True
Is 44464478207 a composite number?
True
Is 17786153149 a prime number?
True
Is 3629098643 a composite number?
False
Is 1646622347 composite?
False
Is 8003828347 prime?
False
Is 5264280559 a prime number?
False
Is 4384700221 prime?
False
Is 1246370423 composite?
True
Is 5802527307 a composite number?
True
Is 109495033 prime?
True
Is 1048419761 a composite number?
False
Is 5653957 a prime number?
True
Is 6436224943 prime?
True
Is 455773709 prime?
False
Is 36639409 prime?
True
Is 4104894583 a compo